5, 7, 6719
What are the prime factors of 10380701?
10380701
What are the prime factors of 708878?
2, 354439
List the prime factors of 200663.
31, 6473
What are the prime factors of 210671?
210671
List the prime factors of 690970.
2, 5, 7, 9871
List the prime factors of 81415.
5, 19, 857
What are the prime factors of 941205?
3, 5, 17, 3691
List the prime factors of 159400.
2, 5, 797
List the prime factors of 16603245.
3, 5, 19, 6473
What are the prime factors of 530660?
2, 5, 13, 157
List the prime factors of 204673.
7, 4177
List the prime factors of 6723516.
2, 3, 560293
List the prime factors of 1986566.
2, 993283
List the prime factors of 1087947.
3, 7, 2467
What are the prime factors of 19238016?
2, 3, 7, 17, 421
What are the prime factors of 322748?
2, 80687
What are the prime factors of 4286741?
107, 40063
What are the prime factors of 3145058?
2, 7, 277, 811
What are the prime factors of 1665854?
2, 832927
List the prime factors of 3058712.
2, 433, 883
What are the prime factors of 1382129?
7, 47, 4201
What are the prime factors of 1218043?
1218043
What are the prime factors of 16720665?
3, 5, 13, 19, 4513
What are the prime factors of 2008692?
2, 3, 7, 2657
What are the prime factors of 778158?
2, 3, 17, 2543
What are the prime factors of 13290854?
2, 587, 11321
What are the prime factors of 186417?
3, 7, 11, 269
List the prime factors of 8254068.
2, 3, 687839
What are the prime factors of 7274119?
31, 461, 509
List the prime factors of 2575587.
3, 7, 2503
List the prime factors of 107027.
19, 43, 131
What are the prime factors of 407154?
2, 3, 11, 31, 199
List the prime factors of 5230661.
31, 168731
What are the prime factors of 1179383?
1179383
What are the prime factors of 86374?
2, 19, 2273
What are the prime factors of 1730509?
11, 61, 2579
What are the prime factors of 872882?
2, 17, 25673
What are the prime factors of 10332911?
23, 523, 859
List the prime factors of 846727.
7, 73, 1657
What are the prime factors of 2952676?
2, 19, 38851
List the prime factors of 2411059.
7, 17, 20261
What are the prime factors of 6999816?
2, 3, 53, 5503
What are the prime factors of 2353322?
2, 857, 1373
What are the prime factors of 307582?
2, 11, 31, 41
List the prime factors of 14930974.
2, 7465487
What are the prime factors of 229969?
41, 71, 79
List the prime factors of 73743.
3, 47, 523
List the prime factors of 6496152.
2, 3, 13, 47, 443
What are the prime factors of 1046501?
19, 55079
What are the prime factors of 581410?
2, 5, 53, 1097
What are the prime factors of 450562?
2, 7, 32183
List the prime factors of 2844093.
3, 7, 135433
What are the prime factors of 767052?
2, 3, 11, 13, 149
What are the prime factors of 458197?
458197
List the prime factors of 231993.
3, 149, 173
List the prime factors of 317419.
317419
List the prime factors of 26348.
2, 7, 941
What are the prime factors of 17878432?
2, 11, 13, 3907
List the prime factors of 3815026.
2, 631, 3023
What are the prime factors of 974358?
2, 3, 7, 11, 19, 37
What are the prime factors of 3559143?
3, 7, 169483
What are the prime factors of 3089434?
2, 173, 8929
List the prime factors of 8185921.
8185921
What are the prime factors of 2905587?
3, 47, 6869
What are the prime factors of 95481?
3, 103
What are the prime factors of 771248?
2, 19, 43, 59
What are the prime factors of 53785?
5, 31, 347
What are the prime factors of 610620?
2, 3, 5, 10177
What are the prime factors of 7918082?
2, 31, 127711
What are the prime factors of 171607?
71, 2417
What are the prime factors of 44595?
3, 5, 991
What are the prime factors of 14000192?
2, 23, 9511
List the prime factors of 11459078.
2, 223, 25693
List the prime factors of 836867.
89, 9403
What are the prime factors of 3937797?
3, 437533
List the prime factors of 5748276.
2, 3, 479023
List the prime factors of 1724866.
2, 11, 13, 37, 163
List the prime factors of 300027.
3, 7, 13, 157
What are the prime factors of 5770547?
19, 303713
List the prime factors of 6072654.
2, 3, 7, 191, 757
List the prime factors of 207538.
2, 103769
What are the prime factors of 204157?
109, 1873
List the prime factors of 3973248.
2, 3, 3449
What are the prime factors of 3250254?
2, 3, 7, 19, 4073
What are the prime factors of 429753?
3, 31, 4621
List the prime factors of 892218.
2, 3, 37, 4019
List the prime factors of 192451.
7, 19, 1447
What are the prime factors of 212871?
3, 70957
List the prime factors of 13040151.
3, 4346717
What are the prime factors of 921838?
2, 460919
What are the prime factors of 15477387?
3, 29, 73, 2437
What are the prime factors of 106077?
3, 19, 1861
What are the prime factors of 3192235?
5, 293, 2179
What are the prime factors of 183120?
2, 3, 5, 7, 109
What are the prime factors of 2209075?
5, 11, 29, 277
What are the prime factors of 6507488?
2, 13, 15643
What are the prime factors of 532133?
7, 19, 4001
List the prime factors of 237194.
2, 233, 509
List the prime factors of 239006.
2, 119503
List the prime factors of 6551218.
2, 3275609
What are the prime factors of 2276597?
1487, 1531
List the prime factors of 325757.
29, 47, 239
What are the prime factors of 5464597?
107, 51071
What are the prime factors of 1178015?
5, 17, 13859
List the prime factors of 234179.
11, 61, 349
List the prime factors of 587997.
3, 79, 827
List the prime factors of 4521168.
2, 3, 31397
What are the prime factors of 194902?
2, 19, 23, 223
List the prime factors of 2619395.
5, 167, 3137
What are the prime factors of 40793?
19, 113
What are the prime factors of 13508373?
3, 19, 269, 881
What are the prime factors of 627084?
2, 3, 17419
What are the prime factors of 29104909?
29104909
List the prime factors of 313297.
313297
What are the prime factors of 20233622?
2, 10116811
What are the prime factors of 691283?
163, 4241
List the prime factors of 1989625.
5, 11, 1447
What are the prime factors of 831830?
2, 5, 193, 431
What are the prime factors of 20134?
2, 10067
What are the prime factors of 2585146?
2, 1123, 1151
What are the prime factors of 222561?
3, 8243
List the prime factors of 911934.
2, 3, 29, 1747
List the prime factors of 27392115.
3, 5, 1826141
List the prime factors of 1066356.
2, 3, 19, 1559
What are the prime factors of 6040954?
2, 1307, 2311
List the prime factors of 18307973.
571, 32063
List the prime factors of 5606669.
127, 131, 337
List the prime factors of 351301.
351301
List the prime factors of 95147.
13, 563
What are the prime factors of 545683?
17, 32099
What are the prime factors of 420878?
2, 127, 1657
List the prime factors of 164542.
2, 7, 23, 73
What are the prime factors of 160318?
2, 71, 1129
List the prime factors of 979990.
2, 5, 11, 59, 151
List the prime factors of 23455460.
2, 5, 7, 239, 701
What are the prime factors of 134222?
2, 11, 6101
List the prime factors of 9840665.
5, 23, 85571
What are the prime factors of 18664592?
2, 23, 67, 757
What are the prime factors of 221623?
221623
List the prime factors of 277982.
2, 131, 1061
List the prime factors of 914485.
5, 11, 13, 1279
List the prime factors of 184125.
3, 5, 491
List the prime factors of 22997.
13, 29, 61
What are the prime factors of 310392?
2, 3, 479
List the prime factors of 2946736.
2, 13, 31, 457
What are the prime factors of 204465?
3, 5, 43, 317
What are the prime factors of 719613?
3, 37, 2161
What are the prime factors of 17192973?
3, 7, 116959
List the prime factors of 13755384.
2, 3, 191047
What are the prime factors of 921695?
5, 337, 547
List the prime factors of 308472.
2, 3, 12853
List the prime factors of 1109351.
1109351
What are the prime factors of 191977?
191977
What are the prime factors of 888622?
2, 7, 63473
List the prime factors of 28461387.
3, 709, 13381
What are the prime factors of 398189?
11, 53, 683
List the prime factors of 4991485.
5, 37, 26981
What are the prime factors of 233009?
7, 33287
What are the prime factors of 1706869?
1706869
List the prime factors of 10045088.
2, 313909
What are the prime factors of 4468441?
4468441
List the prime factors of 337169.
7, 983
List the prime factors of 783619.
783619
What are the prime factors of 10469021?
71, 147451
List the prime factors of 1812399.
3, 191, 3163
What are the prime factors of 90543?
3, 30181
What are the prime factors of 2701046?
2, 907, 1489
Lis